 (base 7) to base 14.
38
What is -32 (base 10) in base 2?
-100000
1c (base 16) to base 13
22
What is 32 (base 4) in base 9?
15
What is -31 (base 15) in base 14?
-34
What is 5 (base 8) in base 15?
5
What is 12 (base 8) in base 12?
a
What is 107 (base 8) in base 16?
47
6 (base 8) to base 10
6
561 (base 7) to base 14
168
5 (base 16) to base 11
5
3 (base 11) to base 7
3
What is -1 (base 4) in base 8?
-1
Convert 7 (base 11) to base 12.
7
Convert 10 (base 5) to base 8.
5
Convert 2013 (base 4) to base 14.
99
-11 (base 2) to base 9
-3
Convert 1312 (base 5) to base 15.
dc
5 (base 7) to base 10
5
-3e (base 16) to base 4
-332
Convert 43 (base 7) to base 8.
37
What is 1 (base 11) in base 3?
1
What is 3 (base 9) in base 4?
3
2 (base 10) to base 9
2
a (base 15) to base 4
22
Convert 1033 (base 4) to base 11.
72
Convert -1 (base 11) to base 8.
-1
What is -4 (base 6) in base 16?
-4
-1 (base 4) to base 7
-1
2 (base 12) to base 16
2
Convert -54 (base 11) to base 14.
-43
Convert -2 (base 6) to base 5.
-2
-502 (base 8) to base 14
-190
-1 (base 15) to base 8
-1
What is -3 (base 6) in base 16?
-3
Convert -331 (base 4) to base 8.
-75
Convert 4 (base 9) to base 16.
4
-b (base 14) to base 4
-23
What is -3 (base 13) in base 9?
-3
-1001 (base 2) to base 4
-21
What is -4 (base 7) in base 6?
-4
What is -41 (base 14) in base 12?
-49
-62 (base 12) to base 6
-202
-2 (base 7) to base 13
-2
Convert -11110110 (base 2) to base 6.
-1050
-2 (base 3) to base 14
-2
What is -2 (base 9) in base 3?
-2
Convert 2 (base 7) to base 13.
2
What is -3 (base 15) in base 8?
-3
-41 (base 15) to base 3
-2021
What is 3 (base 5) in base 14?
3
1120 (base 3) to base 5
132
12212 (base 3) to base 8
236
3 (base 15) to base 8
3
Convert -9 (base 11) to base 7.
-12
What is -3 (base 13) in base 15?
-3
Convert -37 (base 9) to base 13.
-28
Convert 15 (base 7) to base 9.
13
-104 (base 8) to base 12
-58
Convert -5 (base 14) to base 5.
-10
-154 (base 7) to base 4
-1120
Convert -170 (base 8) to base 16.
-78
Convert 10001100 (base 2) to base 12.
b8
What is -96 (base 16) in base 5?
-1100
-7 (base 12) to base 13
-7
What is 1 (base 13) in base 7?
1
Convert 2a (base 13) to base 7.
51
Convert -7 (base 16) to base 8.
-7
Convert -5 (base 12) to base 11.
-5
What is -25 (base 9) in base 15?
-18
Convert -1 (base 7) to base 5.
-1
-33 (base 6) to base 14
-17
What is -7 (base 13) in base 4?
-13
Convert -1 (base 16) to base 11.
-1
Convert -146 (base 11) to base 5.
-1141
Convert -31 (base 13) to base 7.
-55
Convert -16 (base 8) to base 6.
-22
10 (base 4) to base 3
11
0 (base 2) to base 5
0
Convert 0 (base 15) to base 13.
0
Convert -96 (base 11) to base 9.
-126
What is 4 (base 11) in base 3?
11
-2 (base 13) to base 6
-2
41 (base 10) to base 15
2b
What is 2 (base 6) in base 3?
2
Convert -9 (base 10) to base 2.
-1001
What is -110 (base 2) in base 16?
-6
100011111 (base 2) to base 7
560
Convert 2202 (base 3) to base 7.
134
Convert 7 (base 14) to base 15.
7
Convert -453 (base 6) to base 4.
-2301
Convert 1012 (base 3) to base 2.
100000
-c (base 14) to base 12
-10
-3 (base 4) to base 14
-3
a (base 14) to base 4
22
-40 (base 6) to base 16
-18
2 (base 8) to base 3
2
What is -2 (base 8) in base 10?
-2
33 (base 9) to base 14
22
Convert -331 (base 5) to base 7.
-160
102 (base 11) to base 13
96
Convert 5c (base 15) to base 10.
87
Convert 10010 (base 2) to base 16.
12
What is 21010 (base 3) in base 10?
192
-1 (base 12) to base 13
-1
Convert -75 (base 11) to base 8.
-122
-10 (base 2) to base 12
-2
Convert -21 (base 8) to base 3.
-122
14 (base 12) to base 3
121
What is 11 (base 5) in base 9?
6
Convert 20 (base 3) to base 10.
6
8 (base 14) to base 10
8
-11 (base 8) to base 16
-9
Convert -4 (base 15) to base 10.
-4
-2 (base 7) to base 2
-10
Convert -1 (base 15) to base 7.
-1
What is 2 (base 7) in base 2?
10
Convert 27 (base 14) to base 9.
38
-6d (base 16) to base 4
-1231
-101 (base 2) to base 10
-5
What is 6 (base 11) in base 15?
6
Convert 158 (base 9) to base 15.
8e
Convert 5 (base 11) to base 10.
5
Convert 3 (base 14) to base 8.
3
Convert 6 (base 7) to base 6.
10
What is 2a (base 15) in base 14?
2c
What is -1 (base 9) in base 8?
-1
What is 1042 (base 6) in base 3?
22222
What is 11 (base 4) in base 6?
5
Convert -7 (base 16) to base 13.
-7
Convert 4 (base 15) to base 13.
4
Convert -1 (base 12) to base 16.
-1
1a3 (base 11) to base 7
453
-2 (base 15) to base 4
-2
What is 1 (base 7) in base 15?
1
44 (base 13) to base 16
38
Convert 20b (base 14) to base 4.
12103
What is -8 (base 13) in base 16?
-8
Convert -12 (base 6) to base 4.
-20
4 (base 14) to base 6
4
-6 (base 14) to base 4
-12
Convert 3 (base 8) to base 5.
3
-a (base 15) to base 11
-a
What is -32 (base 7) in base 3?
-212
What is -21 (base 4) in base 11?
-9
-12 (base 3) to base 6
-5
-4 (base 16) to base 13
-4
What is 11 (base 4) in base 12?
5
173 (base 8) to base 12
a3
-118 (base 13) to base 7
-361
Convert 3 (base 7) to base 11.
3
What is 100 (base 7) in base 10?
49
What is 425 (base 7) in base 14?
115
Convert -a (base 11) to base 2.
-1010
-240 (base 10) to base 11
-1a9
What is -47 (base 9) in base 12?
-37
Convert -3 (base 5) to base 8.
-3
Convert 11 (base 2) to base 4.
3
Convert 3 (base 11) to base 10.
3
2 (base 9) to base 15
2
Convert 55 (base 15) to base 14.
5a
What is 1d (base 14) in base 10?
27
What is 3 (base 14) in base 12?
3
-58 (base 14) to base 16
-4e
What is -2 (base 15) in base 8?
-2
-2 (base 10) to base 8
-2
What is 11 (base 3) in base 4?
10
What is -2 (base 10) in base 11?
-2
What is -2 (base 12) in base 16?
-2
-1101 (base 2) to base 13
-10
What is 45 (base 8) in base 3?
1101
What is 17 (base 16) in base 4?
113
What is 122 (base 12) in base 4?
2222
-43 (base 9) to base 7
-54
What is -2e (base 16) in base 4?
-232
What is -71 (base 10) in base 3?
-2122
What is 29 (base 14) in base 5?
122
Convert 1112 (base 3) to base 8.
51
Convert 46 (base 8) to base 3.
1102
Convert -31 (base 11) to base 8.
-42
a (base 12) to base 14
a
14 (base 6) to base 12
a
1100110 (base 2) to base 3
10210
Convert 1 (base 8) to base 12.
1
Convert -2 (base 9) to base 10.
-2
Convert 4 (base 12) to base 14.
4
Convert -3 (base 6) to base 4.
-3
Convert -e (base 16) to base 15.
-e
Convert 1c5 (base 13) to base 6.
1310
b (base 16) to base 2
1011
12 (base 7) to base 4
21
-1 (base 5) to base 16
-1
38 (base 10) to base 2
100110
What is 4 (base 14) in base 16?
4
What is 1 (base 8) in base 16?
1
Convert 1 (base 14) to base 5.
1
-1421 (base 6) to base 11
-30a
-63 (base 8) to base 2
-110011
Convert 1 (base 16) to base 4.
1
100 (base 2) to base 10
4
3 (base 6) to base 15
3
What is -aa (base 13) in base 6?
-352
Convert 3 (base 9) to base 5.
3
What is -54 (base 8) in base 13?
-35
-80 (base 16) to base 11
-107
What is -2 (base 15) in base 11?
-2
What is 130 (base 5) in base 10?
40
-b (base 14) to base 11
-10
-322 (base 4) to base 6
-134
Convert 44 (base 7) to base 2.
100000
Convert -126 (base 10) to base 6.
-330
What is 14 (base 15) in base 11?
18
What is -1010 (base 2) in base 12?
-a
What is 3b (base 15) in base 2?
111000
Convert 10 (base 13) to base 9.
14
Convert -10 (base 8) to base 5.
-13
Convert 6 (base 11) to base 12.
6
-1a9 (base 12) to base 11
-229
What is -1 (base 10) in base 11?
-1
What is 454 (base 7) in base 11?
1a4
What is -18 (base 12) in base 11?
-19
-6 (base 14) to base 7
-6
-1b (base 15) to base 6
-42
0 (base 15) to base 13
0
8 (base 10) to base 9
8
What is -10001 (base 4) in base 14?
-145
1 (base 6) to base 15
1
-6 (base 16) to base 11
-6
202 (base 5) to base 15
37
-1 (base 4) to base 16
-1
Convert -40 (base 5) to base 6.
-32
What is 0 (base 6) in base 10?
0
1 (base 11) to base 6
1
Convert 85 (base 11) to base 3.
10110
What is -3 (base 8) in base 5?
-3
What is 55 (base 15) in base 9?
88
What is -222 (base 5) in base 7?
-116
What is 102 (base 3) in base 13?
b
What is -13 (base 7) in base 6?
-14
What is 102 (base 3) in base 13?
b
-3 (base 4) to base 2
-11
Convert -31 (base 12) to base 5.
-122
Convert 76 (base 10) to base 9.
84
What is 4 (base 8) in base 9?
4
Convert -52 (base 9) to base 3.
-1202
What is -185 (base 10) in base 8?
-271
Convert -5 (base 11) to base 2.
-101
What is 6 (base 9) in base 2?
110
Convert 40 (base 15) to base 11.
55
What is -16 (base 12) in base 13?
-15
Convert 1 (base 7) to base 13.
1
Wha